
{"id":2049,"date":"2017-11-16T22:25:37","date_gmt":"2017-11-16T22:25:37","guid":{"rendered":"http:\/\/ovillosyconos.com\/?page_id=2049"},"modified":"2020-01-10T16:21:53","modified_gmt":"2020-01-10T16:21:53","slug":"mangas-de-descarga","status":"publish","type":"page","link":"https:\/\/oyc.lat\/en\/mangas-de-descarga\/","title":{"rendered":"Mangas de descarga"},"content":{"rendered":"<div class=\"wpb-content-wrapper\"><p>[vc_row][vc_column][vc_single_image image=&#8221;2054&#8243; img_size=&#8221;full&#8221; add_caption=&#8221;yes&#8221; alignment=&#8221;center&#8221; onclick=&#8221;img_link_large&#8221;][vc_column_text]<span style=\"color: #4689c5; font-size: 14pt;\">Mangas de descarga a granel\u00a0<\/span><\/p>\n<p><span style=\"font-size: 14pt;\">Somos un referente en fabricaci\u00f3n y venta de mangas telesc\u00f3picas. Nuestras mangas de carga\/descarga de productos a granel se adaptan a un gran n\u00famero de tareas con gran versatilidad los cuales permiten trabajar en condiciones seguras y libres de emisiones.<\/span><\/p>\n<p><span style=\"color: #4689c5; font-size: 14pt;\">Somos especialistas en dise\u00f1o y costura para textiles industriales.<\/span>[\/vc_column_text][vc_single_image image=&#8221;2521&#8243; img_size=&#8221;full&#8221;][\/vc_column][vc_column][vc_column_text]<span style=\"font-size: 14pt;\"><img \/>A lo largo de una trayectoria que se remonta a 1968 hemos logrado pasar de ser un taller de costura modesto a una gran empresa, vers\u00e1til y moderna, a la vanguardia en manejo de materiales en polvo y granulares finos.<\/span><\/p>\n<p><span style=\"font-size: 14pt;\">Nuestro sistema de operaci\u00f3n nos permite tener un alto nivel de flexibilidad y fabricar las mangas telesc\u00f3picas de acuerdo a cada una de las especificaciones requeridas por el usuario.<\/span><\/p>\n<p><span style=\"font-size: 14pt;\">Confeccionamos mangas sencillas y dobles en diametros desde 10\u201c hasta 60\u201c y largo continuo hasta 4 metros.<\/span>[\/vc_column_text][\/vc_column][\/vc_row][vc_row][vc_column][vc_single_image image=&#8221;2651&#8243; img_size=&#8221;full&#8221;][\/vc_column][\/vc_row][vc_row][vc_column width=&#8221;1\/2&#8243;][vc_column_text]<span style=\"font-size: 14pt;\">Desarrolladas con mas de 15 a\u00f1os de experiencia en el ramo y construidas con textiles seleccionados para resistir \u00a0a la abrasi\u00f3n y el desgaste mec\u00e1nico. Tambi\u00e9n contamos con tejidos resistentes a alta temperatura y grado sanitario.<\/span><\/p>\n<p><span style=\"font-size: 14pt;\">Nuestras mangas telesc\u00f3picas y otros desarrollos, son fruto del eficaz trabajo de nuestro departamento de investigaci\u00f3n, ninguna empresa de nuestro rubro est\u00e1 tan orientada a satisfacer de manera plena las necesidades y especificaciones de nuestros clientes.<\/span>[\/vc_column_text][\/vc_column][vc_column width=&#8221;1\/2&#8243;][vc_single_image image=&#8221;2648&#8243; img_size=&#8221;500&#215;300&#8243; alignment=&#8221;center&#8221;][\/vc_column][\/vc_row][vc_row][vc_column width=&#8221;1\/2&#8243;][vc_single_image image=&#8221;2654&#8243; img_size=&#8221;600&#215;500&#8243; alignment=&#8221;center&#8221;][\/vc_column][vc_column width=&#8221;1\/2&#8243;][vc_column_text]<span style=\"font-size: 14pt;\">Las mangas de descarga pueden elaborarse en material de color blanco para garantizar que el producto no resultar\u00e1 con ning\u00fan tipo de contaminaci\u00f3n en su manipulaci\u00f3n y tratamiento, est\u00e9 producto es ideal para la descarga de materiales como cal y yeso para la industria minera, as\u00ed como para las harinas o masas en las industrias harinera y galletera respectivamente esta banda es catalogada como producto de grado sanitario pues durante su elaboraci\u00f3n se tiene extrema precauci\u00f3n con los procesos m\u00e1s avanzados disponibles en el mercado.<\/span>[\/vc_column_text][\/vc_column][\/vc_row][vc_row][vc_column width=&#8221;1\/2&#8243;][vc_column_text]<span style=\"font-size: 14pt;\"><strong>Mangas de descarga para la industria\u00a0Harinera<\/strong><\/span><\/p>\n<p><span style=\"font-size: 14pt;\">Mangas especializadas para el vaciado de producto y minimiza\u00a0la p\u00e9rdida de producto y reduce la entrada de aire, sabemos lo que\u00a0implica el cuidado de hasta el m\u00e1s m\u00ednimo detalle, por ello\u00a0nuestros productos llevan un proceso de elaboraci\u00f3n \u00fanico, desde la\u00a0primer costura hasta el \u00faltimo recubrimiento,\u00a0 promoviendo la confianza\u00a0que tienes en nosotros desde hace m\u00e1s de 50 a\u00f1os, Somos\u00a0seguridad, somos calidad, somos Ovillos y Conos.<\/span><\/p>\n<p>[\/vc_column_text][\/vc_column][vc_column width=&#8221;1\/2&#8243;][vc_single_image image=&#8221;2501&#8243; img_size=&#8221;600&#215;540&#8243; alignment=&#8221;center&#8221;][\/vc_column][\/vc_row][vc_row][vc_column width=&#8221;1\/2&#8243;][vc_single_image image=&#8221;2503&#8243; img_size=&#8221;450&#215;450&#8243; alignment=&#8221;center&#8221;][\/vc_column][vc_column width=&#8221;1\/2&#8243;][vc_column_text]<span style=\"font-size: 14pt;\"><span style=\"font-size: 18pt;\"><strong>D<\/strong><\/span>entro de nuestro abanico de productos se halla la manga retr\u00e1ctil\u00a0que aumenta su practicidad y funcionalidad al m\u00e1ximo, volviendola\u00a0un producto de alto rendimiento por su durabilidad a la temperatura, fricci\u00f3n\u00a0y a las extenuantes horas de trabajo continuo. Ll\u00e1manos para m\u00e1s informaci\u00f3n,\u00a0estamos para aclarar tus dudas.<\/span>[\/vc_column_text][\/vc_column][\/vc_row]<\/p>\n<\/div>","protected":false},"excerpt":{"rendered":"<p>[vc_row][vc_column][vc_single_image image=&#8221;2054&#8243; img_size=&#8221;full&#8221; add_caption=&#8221;yes&#8221; alignment=&#8221;center&#8221; onclick=&#8221;img_link_large&#8221;][vc_column_text]Mangas de descarga a granel\u00a0 Somos un referente en fabricaci\u00f3n y venta de mangas telesc\u00f3picas. Nuestras mangas de carga\/descarga de productos a granel se adaptan [&hellip;]<\/p>\n","protected":false},"author":2,"featured_media":0,"parent":0,"menu_order":0,"comment_status":"closed","ping_status":"closed","template":"","meta":{"footnotes":""},"aioseo_notices":[],"_links":{"self":[{"href":"https:\/\/oyc.lat\/en\/wp-json\/wp\/v2\/pages\/2049"}],"collection":[{"href":"https:\/\/oyc.lat\/en\/wp-json\/wp\/v2\/pages"}],"about":[{"href":"https:\/\/oyc.lat\/en\/wp-json\/wp\/v2\/types\/page"}],"author":[{"embeddable":true,"href":"https:\/\/oyc.lat\/en\/wp-json\/wp\/v2\/users\/2"}],"replies":[{"embeddable":true,"href":"https:\/\/oyc.lat\/en\/wp-json\/wp\/v2\/comments?post=2049"}],"version-history":[{"count":14,"href":"https:\/\/oyc.lat\/en\/wp-json\/wp\/v2\/pages\/2049\/revisions"}],"predecessor-version":[{"id":2657,"href":"https:\/\/oyc.lat\/en\/wp-json\/wp\/v2\/pages\/2049\/revisions\/2657"}],"wp:attachment":[{"href":"https:\/\/oyc.lat\/en\/wp-json\/wp\/v2\/media?parent=2049"}],"curies":[{"name":"wp","href":"https:\/\/api.w.org\/{rel}","templated":true}]}}

<div class="wpb-content-wrapper"><p>[vc_row][vc_column][vc_single_image image=&#8221;2054&#8243; img_size=&#8221;full&#8221; add_caption=&#8221;yes&#8221; alignment=&#8221;center&#8221; onclick=&#8221;img_link_large&#8221;][vc_column_text]<span style="color: #4689c5; font-size: 14pt;">Mangas de descarga a granel </span></p>
<p><span style="font-size: 14pt;">Somos un referente en fabricación y venta de mangas telescópicas. Nuestras mangas de carga/descarga de productos a granel se adaptan a un gran número de tareas con gran versatilidad los cuales permiten trabajar en condiciones seguras y libres de emisiones.</span></p>
<p><span style="color: #4689c5; font-size: 14pt;">Somos especialistas en diseño y costura para textiles industriales.</span>[/vc_column_text][vc_single_image image=&#8221;2521&#8243; img_size=&#8221;full&#8221;][/vc_column][vc_column][vc_column_text]<span style="font-size: 14pt;"><img />A lo largo de una trayectoria que se remonta a 1968 hemos logrado pasar de ser un taller de costura modesto a una gran empresa, versátil y moderna, a la vanguardia en manejo de materiales en polvo y granulares finos.</span></p>
<p><span style="font-size: 14pt;">Nuestro sistema de operación nos permite tener un alto nivel de flexibilidad y fabricar las mangas telescópicas de acuerdo a cada una de las especificaciones requeridas por el usuario.</span></p>
<p><span style="font-size: 14pt;">Confeccionamos mangas sencillas y dobles en diametros desde 10“ hasta 60“ y largo continuo hasta 4 metros.</span>[/vc_column_text][/vc_column][/vc_row][vc_row][vc_column][vc_single_image image=&#8221;2651&#8243; img_size=&#8221;full&#8221;][/vc_column][/vc_row][vc_row][vc_column width=&#8221;1/2&#8243;][vc_column_text]<span style="font-size: 14pt;">Desarrolladas con mas de 15 años de experiencia en el ramo y construidas con textiles seleccionados para resistir  a la abrasión y el desgaste mecánico. También contamos con tejidos resistentes a alta temperatura y grado sanitario.</span></p>
<p><span style="font-size: 14pt;">Nuestras mangas telescópicas y otros desarrollos, son fruto del eficaz trabajo de nuestro departamento de investigación, ninguna empresa de nuestro rubro está tan orientada a satisfacer de manera plena las necesidades y especificaciones de nuestros clientes.</span>[/vc_column_text][/vc_column][vc_column width=&#8221;1/2&#8243;][vc_single_image image=&#8221;2648&#8243; img_size=&#8221;500&#215;300&#8243; alignment=&#8221;center&#8221;][/vc_column][/vc_row][vc_row][vc_column width=&#8221;1/2&#8243;][vc_single_image image=&#8221;2654&#8243; img_size=&#8221;600&#215;500&#8243; alignment=&#8221;center&#8221;][/vc_column][vc_column width=&#8221;1/2&#8243;][vc_column_text]<span style="font-size: 14pt;">Las mangas de descarga pueden elaborarse en material de color blanco para garantizar que el producto no resultará con ningún tipo de contaminación en su manipulación y tratamiento, esté producto es ideal para la descarga de materiales como cal y yeso para la industria minera, así como para las harinas o masas en las industrias harinera y galletera respectivamente esta banda es catalogada como producto de grado sanitario pues durante su elaboración se tiene extrema precaución con los procesos más avanzados disponibles en el mercado.</span>[/vc_column_text][/vc_column][/vc_row][vc_row][vc_column width=&#8221;1/2&#8243;][vc_column_text]<span style="font-size: 14pt;"><strong>Mangas de descarga para la industria Harinera</strong></span></p>
<p><span style="font-size: 14pt;">Mangas especializadas para el vaciado de producto y minimiza la pérdida de producto y reduce la entrada de aire, sabemos lo que implica el cuidado de hasta el más mínimo detalle, por ello nuestros productos llevan un proceso de elaboración único, desde la primer costura hasta el último recubrimiento,  promoviendo la confianza que tienes en nosotros desde hace más de 50 años, Somos seguridad, somos calidad, somos Ovillos y Conos.</span></p>
<p>[/vc_column_text][/vc_column][vc_column width=&#8221;1/2&#8243;][vc_single_image image=&#8221;2501&#8243; img_size=&#8221;600&#215;540&#8243; alignment=&#8221;center&#8221;][/vc_column][/vc_row][vc_row][vc_column width=&#8221;1/2&#8243;][vc_single_image image=&#8221;2503&#8243; img_size=&#8221;450&#215;450&#8243; alignment=&#8221;center&#8221;][/vc_column][vc_column width=&#8221;1/2&#8243;][vc_column_text]<span style="font-size: 14pt;"><span style="font-size: 18pt;"><strong>D</strong></span>entro de nuestro abanico de productos se halla la manga retráctil que aumenta su practicidad y funcionalidad al máximo, volviendola un producto de alto rendimiento por su durabilidad a la temperatura, fricción y a las extenuantes horas de trabajo continuo. Llámanos para más información, estamos para aclarar tus dudas.</span>[/vc_column_text][/vc_column][/vc_row]</p>
</div>

<p>[vc_row][vc_column][vc_single_image image=&#8221;2054&#8243; img_size=&#8221;full&#8221; add_caption=&#8221;yes&#8221; alignment=&#8221;center&#8221; onclick=&#8221;img_link_large&#8221;][vc_column_text]Mangas de descarga a granel  Somos un referente en fabricación y venta de mangas telescópicas. Nuestras mangas de carga/descarga de productos a granel se adaptan [&hellip;]</p>
